 -2*p. Let i be p*2*3/12. Suppose i = 4*m - 8, -2*m = 3*s - s - 10. List the prime factors of s.
3
Suppose 0 = 2*z - 6*z - 2*b + 704, -4*z - 4*b = -696. What are the prime factors of z?
2, 89
Let l = 2 + -2. Let y(g) = 7*g**2 + 2*g**2 - 9*g + l*g**2 - g**3 + 12. List the prime factors of y(8).
2
Suppose 3*a + 2 - 8 = 0. Let u be (20/15)/(a/3). Suppose u*m + 1 = 5*h - 0, -1 = -3*m + 5*h. List the prime factors of m.
2
Let h be (-66)/(-18) - 1/(-3). Suppose o - 3*s - 15 = -0*o, 0 = h*o - 4*s - 52. Suppose -2*t + o = 2. List the prime factors of t.
5
Let t = -30 + 48. List the prime factors of t.
2, 3
Suppose -6*d + 5*h = -9*d + 371, d - 2*h - 131 = 0. List the prime factors of d.
127
Suppose -5*o - w = -2*w - 15, -30 = -5*o + 4*w. Suppose x - o*x = -3. Suppose -x*t + 0 + 24 = 0. What are the prime factors of t?
2
Suppose i - 1 - 32 = 0. Suppose i = p + 2*p. Suppose 3*g + p = 38. What are the prime factors of g?
3
Let j = 2 - -3. Suppose 12 + j = f. Suppose -4*d = -3*w + f, -4*w + 7*d + 28 = 3*d. List the prime factors of w.
11
Suppose -y + 2*y - 3 = 0. Suppose g = -0*g + y. What are the prime factors of g?
3
Let r(t) = t**2 + 9*t - 2. Let v be r(-10). Suppose 0 = 3*f - 4*f + v. List the prime factors of (4 + 0)*18/f.
3
List the prime factors of ((-8)/6)/((-8)/96).
2
Suppose -w - 63 = 4*o + 22, -60 = 3*o + 2*w. What are the prime factors of (-24)/36 + o/(-6)?
3
Suppose 5*x - 10 = 3*x. Suppose -3*o - r + 2 - 1 = 0, x*o - 4*r + 4 = 0. Let m = 5 - o. List the prime factors of m.
5
List the prime factors of (-9)/(-12) + 267/12.
23
Let b be 6/(-9) - 1/3. Let a be (-9 - 0)*b/3. Let q = 4 + a. List the prime factors of q.
7
Suppose -l + 83 = 6*j - 5*j, 5*l + 4*j = 414. Let v = -9 + l. Suppose v = 4*o - 5*i, 3*i + i - 64 = -4*o. List the prime factors of o.
17
Let s = 8 + -5. Let w be (1 - -1)/((-2)/12). List the prime factors of (-2)/s - 116/w.
3
Let d(v) = -19*v - 28. List the prime factors of d(-6).
2, 43
Let j(d) = 4*d**2 + 4*d + 1. List the prime factors of j(-3).
5
Suppose -3*q + 6 + 19 = 5*b, -q + 3*b - 15 = 0. Let s = q + -2. List the prime factors of s/(-3) + (-7)/(-3).
3
Suppose x + 3*c + 29 = 2*x, 4*x + 2*c - 116 = 0. What are the prime factors of x?
29
Let i be (84/35)/(2/70). What are the prime factors of (10/(-20))/((-2)/i)?
3, 7
Suppose 0 = 4*h - 21 - 35. Let q(k) = -k**3 - k + 10*k**2 + 0*k**3 + 3*k - h. What are the prime factors of q(10)?
2, 3
Let v be 1 - (18 + 3/(-3)). Let c = -8 - v. List the prime factors of c.
2
Let f(o) = o**3 - 2*o + 7. What are the prime factors of f(4)?
3, 7
Suppose 3*r = 8*r - 170. List the prime factors of r.
2, 17
Suppose -5 = -5*n + 5. Suppose 2*f - 24 = -n*f. List the prime factors of (-4)/f + (-38)/(-3).
2, 3
Let s(h) = h**2 - 4*h - 9. List the prime factors of s(7).
2, 3
Let y = 8 - 2. List the prime factors of (-4)/8 + 159/y.
2, 13
Let l be (0 + -1)*(-5)/(-5). Let x(n) = -9*n**2 - n - 1. Let b be x(l). What are the prime factors of 168/27 - (-2)/b?
2, 3
Let m(u) = -2*u + 10. Let p be m(-7). Let t = -5 + p. What are the prime factors of t?
19
Let g(k) = 3*k - 2. Let y be g(2). Suppose 2*l = -y*n + 32, n + 16 = 4*l - 3*l. List the prime factors of l.
2
Let w(y) = -y**2 - 12*y - 11. Let x be w(-8). Suppose 2*m - 3*m + x = 0. What are the prime factors of m?
3, 7
Suppose 0 = 6*j - 8*j + 56. List the prime factors of j.
2, 7
Let k(h) = -h**3 - 3*h**2 + 4*h + 3. Let v be k(-4). List the prime factors of v/(-4) - 102/(-8).
2, 3
Let z(q) = q**2 + 5*q + 16. What are the prime factors of z(8)?
2, 3, 5
Let w = -27 - -49. What are the prime factors of w?
2, 11
Let q = 14 + -8. List the prime factors of (2/3)/(q/63).
7
Suppose -5*x - b = 11 + 9, -2*x - 5*b - 31 = 0. Let m(s) = 3*s**2 + s - 2. List the prime factors of m(x).
2, 11
Let t = -1 - -80. Let q = 113 - t. List the prime factors of q.
2, 17
List the prime factors of -1*3/(-6)*46.
23
Let n = 503 + -294. List the prime factors of n.
11, 19
Suppose 3 - 63 = -4*z + 5*x, 5*z - 84 = 4*x. Let m be (z/(-30))/((-2)/33). Suppose -m = o - 2*o. List the prime factors of o.
11
Suppose -340 = -38*u + 34*u. List the prime factors of u.
5, 17
Suppose -3*p = -p + 5*a - 22, 4*p - 64 = -5*a. List the prime factors of p.
3, 7
Let u = 6 - 6. Suppose u*a - 5*a + 80 = 0. List the prime factors of a.
2
Let r = -47 + 32. Let g be (-1 - 0)/((-5)/r). What are the prime factors of (-2 + (-39)/g)/1?
11
Let m = -13 + 6. Let i(g) = g**3 + 6*g**2 - 8*g - 4. Let f be i(m). Suppose -2*v = -f*r + 37, r + v - 15 = -v. What are the prime factors of r?
13
Suppose 0*d = 10*d - 370. List the prime factors of d.
37
Let r(y) = -y + 2. Let j be r(0). Suppose -5*o + t + t = 45, j*t = 3*o + 27. Let x = 24 + o. List the prime factors of x.
3, 5
Suppose -3*t = -6*t + 3, -5*i - 4*t = -54. Let c = i + -3. What are the prime factors of c?
7
Suppose -k + 309 = -4*k. Let g = k + 152. What are the prime factors of g?
7
Suppose -5*h - q - 69 = -7*h, -4*h - 3*q = -113. Suppose 2*g - h = -0*g + 5*w, -w + 65 = 3*g. Let s = g - 9. List the prime factors of s.
2, 3
Let i(f) = f**3 + 5*f**2 - 5*f + 6. Suppose -2*c - 5*d = c - 7, 0 = 4*c + 2*d + 14. Let u be i(c). Suppose y - 3 + 1 = u. List the prime factors of y.
2
Suppose -2*z = z - 15. Suppose z*x - 2*h - 65 = 3*h, 2 = -h. List the prime factors of x.
11
Let o(x) = -x + 5. Let c be o(4). Suppose 3*s - 14 - c = 0. What are the prime factors of s?
5
Let j be -6*-4*(3 + -2). Let t = -10 + j. List the prime factors of t.
2, 7
Suppose -2*f - 39 = -127. List the prime factors of f.
2, 11
Suppose 165 = 3*c - 3*m, 3*c = 5*c - m - 109. Suppose f = 3*l - c, 4*l + 0*f + 3*f - 85 = 0. What are the prime factors of l?
19
What are the prime factors of 3/(-4)*1780/(-15)?
89
Let x(y) = -8*y**3 - 4*y**2 - 4*y - 2. What are the prime factors of x(-2)?
2, 3
Let i be -1 + (0 - 2) + 121. Suppose 4*w = -2*p + 76, -4*w + i = -3*p + 32. List the prime factors of w.
2, 5
Suppose -7*h = -11*h + 136. What are the prime factors of h?
2, 17
Suppose 4*v = 3*d - 16 + 63, 51 = 5*v + 4*d. What are the prime factors of v?
11
Let y(t) = -5*t**2 + 14*t + 4. Let k(x) = -6*x**2 + 15*x + 5. Let p(c) = -4*k(c) + 5*y(c). Let l be p(6). Suppose 4*n - 12 = l. What are the prime factors of n?
3
Suppose -1336 + 142 = -6*p. List the prime factors of p.
199
What are the prime factors of 2/(-4)*(-15 + -113)?
2
Suppose 10 - 6 = t. Suppose -t*v - 17 - 1 = -2*n, -3*n - 3*v + 27 = 0. What are the prime factors of n?
3
Let v(d) = 4*d**2 + 1. Let q be v(1). Let y(g) = g - 5. Let t be y(q). Suppose t = -4*z + 8*z - 24. List the prime factors of z.
2, 3
Let i be ((-4)/(-8))/((-1)/(-12)). Let o(m) be the second derivative of -m**3/6 + 9*m**2/2 + 3*m. What are the prime factors of o(i)?
3
Let t(q) = 2*q**3 - 5*q**2 - 4*q + 6. Let b be t(4). Let i = b + -23. List the prime factors of i.
3, 5
Suppose c + 0 - 3 = 0. Suppose 0 = b - 1 - c. List the prime factors of b.
2
Suppose -7*u - 504 = -11*u. List the prime factors of u.
2, 3, 7
Let j be 40/(-15)*9/4. What are the prime factors of 2/j - 75/(-9)?
2
Suppose -6 = -0*n + 2*n. Suppose -4*z - 4*h = -7*h - 45, 0 = -3*z + 3*h + 36. Let v = n + z. What are the prime factors of v?
2, 3
Let n = 94 + 68. What are the prime factors of n?
2, 3
Let l = -14 + -1. Let n be (-6)/(-10) + (-51)/l. Suppose d - 13 = -0*d - c, -4*d = -n*c - 76. List the prime factors of d.
2
Let p = 77 - 12. Let n = p - 24. List the prime factors of n.
41
Let p(t) = -16*t. Let o be p(-3). Suppose -7*s + o = -3*s. List the prime factors of s.
2, 3
Suppose -5*c = 2*p - 379, 2*p - c - 3*c = 370. What are the prime factors of p?
11, 17
Suppose 5*y - 28 - 56 = -3*z, -4*y - 111 = -3*z. Suppose 0*m - 3*m = -z. What are the prime factors of m?
11
Suppose -30*n + 36*n - 984 = 0. List the prime factors of n.
2, 41
What are the prime factors of 50 - 1 - (4 - 5)?
2, 5
Let f be -61 - 6/3 - 0. Let v = f + 105. What are the prime factors of (-3)/(-15) - v/(-15)?
3
Let t be ((-12)/(-9))/((-4)/(-6)). Suppose 5*k = t*k + 9. Let n(u) = u**3 - u**2 - 2*u - 2. List the prime factors of n(k).
2, 5
Let l be ((-171)/6)/((-1)/4). Let g = l - 64. Suppose 4*k + k = 3*c + g, -40 = -4*k - 3*c. What are the prime factors of k?
2, 5
Let a(c) = c**3 - 6*c**2 - 2*c - 2. Let i be a(7). Suppose 0 = -4*f + i + 23. List the prime factors of